
62
Calculate the greatest common divisor of 7344 and 1000227096.
3672
What is the greatest common divisor of 5891 and 687957?
43
What is the highest common divisor of 45954 and 157869?
27
Calculate the greatest common divisor of 29529 and 11158681.
3281
What is the highest common divisor of 22644 and 112628?
148
Calculate the highest common divisor of 1624755 and 16995.
165
What is the highest common factor of 114 and 7077500?
38
Calculate the highest common factor of 52841304 and 2208.
552
Calculate the greatest common factor of 97600 and 1103185.
305
What is the highest common divisor of 352 and 28673876?
44
What is the highest common divisor of 8430192 and 992?
16
What is the greatest common factor of 150668739 and 51?
51
Calculate the highest common divisor of 306 and 1088289.
153
What is the greatest common divisor of 68702058 and 69?
69
Calculate the greatest common divisor of 269217 and 40053.
507
What is the highest common factor of 67936661 and 26?
13
What is the greatest common divisor of 14830 and 5510?
10
What is the highest common divisor of 49598192 and 29561?
287
What is the greatest common factor of 57 and 16097199?
57
Calculate the highest common divisor of 851 and 3626333.
37
Calculate the greatest common factor of 259875 and 53515.
385
What is the greatest common factor of 173227 and 6127?
557
What is the greatest common divisor of 5780922 and 10290?
2058
What is the greatest common divisor of 23165792 and 17242?
466
Calculate the highest common factor of 2282398 and 404606.
202
Calculate the highest common divisor of 17920 and 84416640.
4480
Calculate the greatest common factor of 16001552 and 11312.
112
Calculate the highest common divisor of 55636360 and 728.
104
What is the highest common factor of 1879452 and 41832?
2988
What is the greatest common factor of 96348 and 4193?
7
Calculate the highest common factor of 6864 and 13087074.
858
Calculate the greatest common divisor of 845765 and 47790.
295
Calculate the highest common divisor of 540 and 994488.
12
What is the greatest common factor of 58742118 and 54?
54
What is the highest common divisor of 145 and 15556412?
29
What is the highest common factor of 3472 and 39408?
16
What is the highest common divisor of 315 and 459549?
9
Calculate the greatest common factor of 1952641188 and 12.
12
What is the greatest common factor of 243 and 329544?
9
Calculate the greatest common divisor of 999 and 84589992.
333
What is the highest common factor of 9702975 and 1077225?
3975
What is the greatest common factor of 2967 and 69082854?
129
Calculate the highest common divisor of 698015656 and 104.
104
What is the highest common factor of 193799476 and 3224?
1612
Calculate the highest common divisor of 3921291 and 341.
11
What is the highest common divisor of 88008 and 22192?
152
What is the greatest common factor of 10695008 and 1464?
488
Calculate the greatest common divisor of 602222 and 49558.
142
Calculate the greatest common factor of 1296 and 2743344.
144
What is the greatest common divisor of 3355096 and 56?
8
What is the greatest common divisor of 140762 and 94?
2
What is the greatest common factor of 1516 and 25147787?
379
Calculate the greatest common factor of 68 and 10881479.
17
Calculate the highest common divisor of 1137 and 532026177.
1137
Calculate the greatest common factor of 4624 and 15514064.
272
What is the highest common divisor of 5350791 and 1462?
43
Calculate the highest common divisor of 3927 and 4077399.
51
What is the highest common factor of 579 and 2281067?
193
What is the highest common divisor of 25600 and 378400?
800
What is the highest common factor of 23780 and 3117355?
145
Calculate the greatest common factor of 16 and 31216400.
16
Calculate the greatest common divisor of 546789 and 1330332.
5637
Calculate the greatest common divisor of 10445 and 1940681.
2089
Calculate the greatest common factor of 3755 and 110030.
5
Calculate the highest common divisor of 211647128 and 154.
154
What is the highest common divisor of 480 and 83140320?
480
Calculate the highest common factor of 721528 and 10.
2
Calculate the highest common divisor of 104 and 4446507.
13
Calculate the greatest common divisor of 1188 and 968202.
18
What is the highest common factor of 211396 and 2788?
164
What is the greatest common divisor of 1276826 and 107038?
218
Calculate the highest common factor of 228717 and 274383.
387
Calculate the highest common factor of 5026939 and 20099.
199
What is the highest common divisor of 288399 and 1450038?
1149
Calculate the greatest common divisor of 614 and 9224736.
614
Calculate the greatest common divisor of 330441 and 3634.
23
What is the highest common factor of 6204 and 1221060?
564
What is the greatest common factor of 20 and 21384160?
20
Calculate the greatest common factor of 2322 and 757620.
54
Calculate the greatest common divisor of 190650 and 2624.
82
What is the greatest common factor of 21443968 and 2496?
832
What is the highest common divisor of 6903 and 4992975?
117
Calculate the highest common factor of 293286650 and 40.
10
Calculate the greatest common factor of 50260 and 5114.
2
What is the highest common factor of 3260 and 60439096?
652
Calculate the highest common divisor of 215777 and 34597776.
4591
What is the highest common factor of 15009188 and 1132?
1132
Calculate the highest common divisor of 28349757 and 5457.
321
What is the greatest common factor of 702 and 29248297?
13
Calculate the greatest common factor of 166659150 and 3082.
3082
What is the greatest common divisor of 30283 and 36454?
11
Calculate the greatest common divisor of 10935726 and 493.
493
What is the greatest common divisor of 3152436 and 60?
12
Calculate the greatest common divisor of 41780097 and 783.
783
Calculate the highest common factor of 19473734 and 1246.
1246
What is the highest common factor of 1432 and 80173384?
1432
What is the highest common divisor of 325782 and 1494?
18
Calculate the greatest common divisor of 911168 and 477868.
2476
Calculate the highest common factor of 8529 and 660306651.
8529
What is the greatest common factor of 744 and 1259484?
12
Calculate the greatest common factor of 134 and 31016042.
134
What is the greatest common factor of 1542385 and 33065?
1945
Calculate the highest common factor of 50010571 and 83.
83
What is the highest common factor of 1160 and 14584?
8
What is the greatest common factor of 116081540 and 47?
47
What is the greatest common factor of 5059 and 181269029?
5059
Calculate the greatest common divisor of 74 and 11939641.
37
What is the greatest common divisor of 4538 and 1399973?
2269
What is the highest common factor of 226332 and 7164?
36
Calculate the greatest common factor of 53730 and 42660.
270
Calculate the greatest common divisor of 8262464 and 1344.
448
What is the greatest common divisor of 25264 and 84089645?
1579
What is the greatest common factor of 10 and 93856810?
10
What is the greatest common factor of 5630898 and 5460?
546
What is the highest common factor of 804149 and 115?
23
Calculate the highest common factor of 5740 and 554260.
140
Calculate the highest common divisor of 59158020 and 570.
570
Calculate the greatest common divisor of 115 and 703881650.
115
What is the highest common factor of 6284098 and 114?
38
What is the greatest common divisor of 8746488 and 34?
2
Calculate the greatest common divisor of 57998409 and 6816.
213
What is the highest common factor of 10925 and 54875?
25
Calculate the greatest common divisor of 1225 and 8128855.
245
Calculate the highest common factor of 483 and 10400117.
161
Calculate the greatest common divisor of 2021781 and 820245.
447
What is the highest common factor of 54502422 and 564?
282
What is the highest common divisor of 32516458 and 78?
26
What is the greatest common factor of 412 and 799224?
4
Calculate the greatest common divisor of 896 and 10043992.
56
What is the highest common factor of 579 and 478055210?
193
What is the highest common divisor of 277827848 and 8?
8
What is the highest common divisor of 278517672 and 96?
24
Calculate the greatest common divisor of 90608538 and 153.
51
Calculate the highest common divisor of 1332 and 54321846.
222
Calculate the highest common divisor of 99 and 125499.
33
Calc